ivided by 52?
50
Calculate the remainder when 1149 is divided by 35.
29
Calculate the remainder when 801 is divided by 394.
13
What is the remainder when 150 is divided by 17?
14
Calculate the remainder when 416 is divided by 28.
24
What is the remainder when 2731 is divided by 909?
4
Calculate the remainder when 487 is divided by 105.
67
Calculate the remainder when 230 is divided by 124.
106
What is the remainder when 921 is divided by 13?
11
Calculate the remainder when 282 is divided by 26.
22
Calculate the remainder when 515 is divided by 18.
11
Calculate the remainder when 699 is divided by 52.
23
What is the remainder when 693 is divided by 24?
21
What is the remainder when 141 is divided by 24?
21
Calculate the remainder when 19 is divided by 13.
6
Calculate the remainder when 478 is divided by 60.
58
Calculate the remainder when 8258 is divided by 59.
57
What is the remainder when 269 is divided by 110?
49
Calculate the remainder when 80 is divided by 23.
11
What is the remainder when 39 is divided by 33?
6
What is the remainder when 190 is divided by 101?
89
What is the remainder when 803 is divided by 5?
3
What is the remainder when 263 is divided by 33?
32
Calculate the remainder when 1356 is divided by 23.
22
What is the remainder when 430 is divided by 110?
100
Calculate the remainder when 82 is divided by 8.
2
What is the remainder when 1359 is divided by 31?
26
Calculate the remainder when 122 is divided by 32.
26
What is the remainder when 568 is divided by 95?
93
Calculate the remainder when 1737 is divided by 116.
113
Calculate the remainder when 193 is divided by 11.
6
Calculate the remainder when 806 is divided by 252.
50
Calculate the remainder when 503 is divided by 125.
3
What is the remainder when 258 is divided by 20?
18
Calculate the remainder when 40 is divided by 26.
14
Calculate the remainder when 759 is divided by 152.
151
What is the remainder when 138 is divided by 9?
3
What is the remainder when 358 is divided by 65?
33
Calculate the remainder when 892 is divided by 57.
37
Calculate the remainder when 714 is divided by 9.
3
Calculate the remainder when 3708 is divided by 59.
50
What is the remainder when 13 is divided by 2?
1
Calculate the remainder when 128 is divided by 11.
7
What is the remainder when 671 is divided by 12?
11
What is the remainder when 759 is divided by 10?
9
Calculate the remainder when 127 is divided by 19.
13
What is the remainder when 142 is divided by 46?
4
Calculate the remainder when 1387 is divided by 1348.
39
Calculate the remainder when 93 is divided by 15.
3
Calculate the remainder when 1348 is divided by 169.
165
Calculate the remainder when 88 is divided by 65.
23
Calculate the remainder when 263 is divided by 121.
21
Calculate the remainder when 5727 is divided by 2859.
9
Calculate the remainder when 34 is divided by 14.
6
Calculate the remainder when 1225 is divided by 203.
7
What is the remainder when 1141 is divided by 50?
41
What is the remainder when 553 is divided by 16?
9
What is the remainder when 233 is divided by 43?
18
What is the remainder when 119 is divided by 31?
26
What is the remainder when 1584 is divided by 69?
66
What is the remainder when 53 is divided by 9?
8
What is the remainder when 71 is divided by 24?
23
Calculate the remainder when 118 is divided by 15.
13
What is the remainder when 1724 is divided by 13?
8
Calculate the remainder when 2142 is divided by 11.
8
What is the remainder when 19704 is divided by 118?
116
What is the remainder when 836 is divided by 56?
52
What is the remainder when 45 is divided by 24?
21
What is the remainder when 48 is divided by 18?
12
Calculate the remainder when 1264 is divided by 63.
4
Calculate the remainder when 2323 is divided by 106.
97
Calculate the remainder when 1076 is divided by 77.
75
What is the remainder when 1803 is divided by 82?
81
Calculate the remainder when 1977 is divided by 152.
1
What is the remainder when 3644 is divided by 519?
11
What is the remainder when 142 is divided by 64?
14
What is the remainder when 159 is divided by 41?
36
What is the remainder when 641 is divided by 636?
5
Calculate the remainder when 440 is divided by 217.
6
Calculate the remainder when 219 is divided by 22.
21
Calculate the remainder when 38395 is divided by 20.
15
What is the remainder when 203 is divided by 195?
8
What is the remainder when 249 is divided by 132?
117
What is the remainder when 1305 is divided by 4?
1
What is the remainder when 54 is divided by 17?
3
Calculate the remainder when 380 is divided by 123.
11
Calculate the remainder when 477 is divided by 259.
218
Calculate the remainder when 72 is divided by 37.
35
Calculate the remainder when 526 is divided by 130.
6
Calculate the remainder when 126 is divided by 69.
57
Calculate the remainder when 52 is divided by 40.
12
What is the remainder when 3515 is divided by 207?
203
What is the remainder when 1424 is divided by 464?
32
Calculate the remainder when 32 is divided by 12.
8
Calculate the remainder when 67 is divided by 20.
7
Calculate the remainder when 1145 is divided by 115.
110
What is the remainder when 12574 is divided by 131?
129
What is the remainder when 132 is divided by 65?
2
Calculate the remainder when 2058 is divided by 208.
186
What is the remainder when 261 is divided by 64?
5
Calculate the remainder when 948 is divided by 53.
47
Calculate the remainder when 542 is divided by 270.
2
What is the remainder when 6797 is divided by 66?
65
Calculate the remainder when 198 is divided by 51.
45
Calculate the remainder when 73 is divided by 67.
6
What is the remainder when 26 is divided by 9?
8
Calculate the remainder when 5322 is divided by 12.
6
What is the remainder when 58 is divided by 13?
6
What is the remainder when 359 is divided by 5?
4
What is the remainder when 86 is divided by 36?
14
Calculate the remainder when 46 is divided by 10.
6
Calculate the remainder when 251 is divided by 63.
62
Calculate the remainder when 109 is divided by 28.
25
What is the remainder when 305 is divided by 156?
149
What is the remainder when 90 is divided by 7?
6
What is the remainder when 988 is divided by 170?
138
What is the remainder when 474 is divided by 4?
2
What is the remainder when 2272 is divided by 118?
30
What is the remainder when 274 is divided by 98?
78
What is the remainder when 28 is divided by 13?
2
What is the remainder when 13 is divided by 7?
6
Calculate the remainder when 192 is divided by 159.
33
What is the remainder when 10 is divided by 10?
0
What is the remainder when 228 is divided by 23?
21
What is the remainder when 132 is divided by 8?
4
What is the remainder when 544 is divided by 19?
12
Calculate the remainder when 145 is divided by 49.
47
Calculate the remainder when 1936 is divided by 162.
154
Calculate the remainder when 1176 is divided by 112.
56
Calculate the remainder when 963 is divided by 477.
9
Calculate the remainder when 8699 is divided by 15.
14
What is the remainder when 716 is divided by 22?
12
What is the remainder when 2060 is divided by 660?
80
Calculate the remainder when 3312 is divided by 41.
32
Calculate the remainder when 105 is divided by 103.
2
Calculate the remainder when 351 is divided by 4.
3
Calculate the remainder when 66 is divided by 35.
31
Calculate the remainder when 676 is divided by 67.
6
What is the remainder when 122 is divided by 39?
5
Calculate the remainder when 570 is divided by 13.
11
Calculate the remainder when 227 is divided by 74.
5
Calculate the remainder when 516 is divided by 157.
45
Calculate the remainder when 202 is divided by 54.
40
What is the remainder when 77 is divided by 4?
1
Calculate the remainder when 1707 is divided by 19.
16
Calculate the remainder when 6839 is divided by 19.
18
Calculate the remainder when 577 is divided by 20.
17
What is the remainder when 613 is divided by 117?
28
What is the remainder when 6614 is divided by 301?
293
Calculate the remainder when 289 is divided by 65.
29
Calculate the remainder when 160 is divided by 51.
7
Calculate the remainder when 90 is divided by 55.
35
Calculate the remainder when 466 is divided by 39.
37
Calculate the remainder when 329 is divided by 37.
33
Calculate the remainder when 410 is divided by